 is -30 - -1020?
550
In base 14, what is -d - -139?
12a
In base 14, what is -86 + 4?
-82
In base 16, what is 2 - 34?
-32
In base 15, what is -350b - 3?
-350e
In base 5, what is -4 - 3?
-12
In base 8, what is 4 + -1474?
-1470
In base 6, what is 31 - -11?
42
In base 7, what is 3 + -5410?
-5404
In base 11, what is 3463 - 0?
3463
In base 9, what is -366 + 3?
-363
In base 13, what is 2 - 14c?
-14a
In base 3, what is -10002201 - 11?
-10002212
In base 14, what is 11 + 3?
14
In base 13, what is 1b3 + -6?
1aa
In base 4, what is -1 - -3333?
3332
In base 6, what is -2020 - -1?
-2015
In base 9, what is -4 + 137?
133
In base 13, what is -17ba - -7?
-17b3
In base 5, what is 4 + 13?
22
In base 3, what is -2100 - -1?
-2022
In base 3, what is 222 + 1000?
1222
In base 6, what is -5 + 1412?
1403
In base 8, what is 5 + -152?
-145
In base 11, what is -17242 + -1?
-17243
In base 6, what is 3 - -103?
110
In base 4, what is 3 - 2103?
-2100
In base 11, what is -48 - 7?
-54
In base 15, what is 335 - 1?
334
In base 5, what is -4 - -2?
-2
In base 2, what is -110 - -1101000?
1100010
In base 2, what is -1011 + 10001110?
10000011
In base 3, what is -1100 - 2112?
-10212
In base 3, what is 0 + -1002001?
-1002001
In base 15, what is 7 + -a?
-3
In base 9, what is 3873 + -1?
3872
In base 12, what is -5 - -1058?
1053
In base 3, what is -1200 - -1022?
-101
In base 5, what is 3 + -11?
-3
In base 11, what is -150 - 5?
-155
In base 13, what is -3a - -2cc?
292
In base 15, what is 420 + -7?
418
In base 4, what is 10 + 1220120?
1220130
In base 11, what is -60a1 - -2?
-609a
In base 11, what is 15 + -38?
-23
In base 6, what is -1 + 40?
35
In base 15, what is 373 + 0?
373
In base 10, what is -5 + 5?
0
In base 16, what is -38 - -236?
1fe
In base 8, what is 11 - -62?
73
In base 15, what is -1c - -cd?
b1
In base 11, what is -1 - 285?
-286
In base 4, what is 11 - 2021?
-2010
In base 12, what is -1485 + 0?
-1485
In base 12, what is 3 - 3a4?
-3a1
In base 8, what is 11 + 121?
132
In base 8, what is 17 - -11?
30
In base 15, what is -6730 - 3?
-6733
In base 6, what is -11225 - -4?
-11221
In base 16, what is -5 + -17c?
-181
In base 13, what is 274b - 2?
2749
In base 12, what is 1 - 1148?
-1147
In base 3, what is -11100 - 12?
-11112
In base 13, what is 1909a - 3?
19097
In base 11, what is -699 + 7?
-692
In base 11, what is 32 - 2?
30
In base 15, what is 568 + -8?
560
In base 16, what is 1 + -17a?
-179
In base 9, what is -4 - -31?
26
In base 3, what is -1 - 101?
-102
In base 16, what is -b2 - -39?
-79
In base 6, what is 12 + 1250?
1302
In base 6, what is -32 + -22?
-54
In base 11, what is 4 - 2?
2
In base 5, what is 0 + 1324?
1324
In base 5, what is 3 + -342?
-334
In base 6, what is 5 - 1?
4
In base 5, what is -13 - 242?
-310
In base 4, what is 3 + 1232200?
1232203
In base 14, what is 16 + -9?
b
In base 6, what is 5 - -55211?
55220
In base 9, what is 54 - -71?
135
In base 12, what is 453 + 10?
463
In base 10, what is -2 - 2310?
-2312
In base 13, what is 17 + 1b?
35
In base 2, what is 1000100 + 110?
1001010
In base 10, what is 10552 - 2?
10550
In base 10, what is 2 - -7312?
7314
In base 13, what is -240a + 2?
-2408
In base 2, what is 111011010 + 100?
111011110
In base 5, what is -13 + -2411?
-2424
In base 2, what is 1011100 + 10100?
1110000
In base 14, what is 5 + 18?
1d
In base 3, what is -202 - -20?
-112
In base 14, what is -5 - 9?
-10
In base 5, what is -313 - 10?
-323
In base 2, what is -1000100 - 111010?
-1111110
In base 9, what is -384 - -7?
-376
In base 10, what is 8 + 22?
30
In base 11, what is -26 + 14a?
124
In base 16, what is -22a + 2?
-228
In base 8, what is 1 - 425?
-424
In base 6, what is -5 - -2234?
2225
In base 11, what is 1131 - 2?
112a
In base 16, what is -3cb + d?
-3be
In base 12, what is 15a + -2?
158
In base 14, what is 1 - 6?
-5
In base 2, what is -1001001 - -1?
-1001000
In base 12, what is -4 + -375?
-379
In base 9, what is 3387 - -5?
3403
In base 11, what is -12 - 0?
-12
In base 9, what is 111 + -24?
76
In base 9, what is -3 - -24?
21
In base 4, what is -1030 + 0?
-1030
In base 16, what is -76 + -3?
-79
In base 12, what is -22 + 0?
-22
In base 6, what is -3 - -115?
112
In base 12, what is 3820 + 4?
3824
In base 8, what is 1 + 3775?
3776
In base 12, what is -6 + -61?
-67
In base 9, what is -4 + 243?
238
In base 3, what is -1 + 12222?
12221
In base 10, what is -19 + 6?
-13
In base 3, what is 1110 + -100?
1010
In base 2, what is 100011010 + 11?
100011101
In base 2, what is -10 + -11?
-101
In base 4, what is 303023 + -11?
303012
In base 12, what is -37 - -30?
-7
In base 6, what is -3 + -1441?
-1444
In base 15, what is -c3 - -39?
-89
In base 13, what is -180 - 0?
-180
In base 13, what is -b2b8 + 1?
-b2b7
In base 7, what is -3134 + 5?
-3126
In base 4, what is -10111 - 11?
-10122
In base 7, what is 23 + 13?
36
In base 15, what is -3 - 30?
-33
In base 13, what is 6828 - 3?
6825
In base 6, what is 0 + -32?
-32
In base 6, what is 2005 - 4?
2001
In base 11, what is 38 + -89?
-51
In base 7, what is 5 - -6223?
6231
In base 10, what is 26 - 311?
-285
In base 5, what is 14144 + -1?
14143
In base 2, what is 11 + -1000011?
-1000000
In base 7, what is -10 - 604?
-614
In base 4, what is -130232 - -11?
-130221
In base 12, what is 63 + -25?
3a
In base 11, what is 21 - -185?
1a6
In base 4, what is 2 + 101012?
101020
In base 11, what is -7 - -12?
6
In base 16, what is -22a2 - 4?
-22a6
In base 4, what is 10 - 1222?
-1212
In base 8, what is 10 + -34?
-24
In base 5, what is -104142 - 10?
-104202
In base 16, what is -99 + 9?
-90
In base 16, what is 2 - 32d?
-32b
In base 16, what is 6 - -1026?
102c
In base 5, what is 2 - 2032?
-2030
In base 11, what is 24 - 280?
-257
In base 9, what is 0 + 218?
218
In base 6, what is -4 - -3?
-1
In base 3, what is -2021 - -12?
-2002
In base 15, what is -2 + -18?
-1a
In base 14, what is -3 - a2?
-a5
In base 15, what is -4 + -93?
-97
In base 8, what is -6 + 52?
44
In base 12, what is -59 + 2?
-57
In base 2, what is 1000001 + 10?
1000011
In base 6, what is -12544 + -4?
-12552
In base 3, what is 10 + 12100021?
12100101
In base 4, what is 110011 + 11?
110022
In base 11, what is -3 + 10a?
107
In base 3, what is -1 + -1221?
-1222
In base 2, what is -100110001100 + -101?
-100110010001
In base 16, what is 0 + -2b3?
-2b3
In base 10, what is 6 + 2860?
2866
In base 16, what is -142 + 17?
-12b
In base 11, what is 13aa + -3?
13a7
In base 10, what is -3439 + 1?
-3438
In base 10, what is -35 - 3?
-38
In base 12, what is 2 + 20a?
210
In base 10, what is 61 + -36?
25
In base 5, what is 2 + -11313?
-11311
In base 15, what is -10 + 273?
263
In base 3, what is 2 + -1010?
-1001
In base 14, what is c2c - 4?
c28
In base 13, what is -290 - -6?
-287
In base 10, what is -4 + 118?
114
In base 4, what is 1 - -101?
102
In base 5, what is 233 - 431?
-143
In base 14, what is -19d2 - -3?
-19cd
In base 14, what is -137 + 0?
-137
In base 6, what is 1 + -110?
-105
In base 5, what is -421114 + 0?
-421114
In base 11, what is -7 - -678?
671
In base 6, what is -5 - -1442?
1433
In base 12, what is -131 + -55?
-186
In base 4, what is 10000 + 10?
10010
In base 7, what is 3 - 4245?
-4242
In base 5, what is 1210214 + -10?
1210204
In base 7, what is 3 - 35?
-32
In base 2, what is -1100 - -111111?
110011
In base 14, what is 8 - -34?
3c
In base 14, what is -20 + 44?
24
In base 7, what is -1325 + 3?
-1322
In base 4, what is -1100 - 1?
-1101
In base 14, what is 3 - 1b3?
-1b0
In base 9, what is -1 + -480?
-481
In base 7, what is -5 + 13164?
13156
In base 9, what is -51 - -1?
-50
In base 8, what is -63 - -22?
-41
In base 8, what is -3 + -213?
-216
In base 15, what is -e - -8b?
7c
In base 4, what is 1030 + -10?
1020
In base 13, what is -5 + 43?
3b
In base 6, what is -3333 + 4?
-3325
In base 8, what is -2452 - 13?
-2465
In base 11, what is -4 - -690?
687
In base 12, what is 33a - -3?
341
In base 10, what is 72 + -5?
67
In base 12, what is -112 - 63?
-175
In base 12, what is 4 - -355?
359
In base 3, what is 121001122 + -11?
121001111
In base 3, what is 101002 + 12?
101021
In base 2, what is 10000011110 + -1010?
10000010100
In base 9, what is 0 - 4?
-4
In base 8, what is -10 + -503?
-513
In base 7, what is -1 - 1652?
-1653
In base 10, what is -6 - -685?
679
In base 16, what is -5 - -88?
83
In base 6, what is -2 - 202?
-204